 292133 composite?
False
Is 82763 a prime number?
True
Is 48179 a composite number?
False
Is 23781 prime?
False
Is 640169 a composite number?
True
Is 18373 a prime number?
False
Is 180935 composite?
True
Is 15427 a prime number?
True
Is 2852305 a composite number?
True
Is 494333 a composite number?
True
Is 8779 a composite number?
False
Is 450265 a composite number?
True
Is 429697 a prime number?
False
Is 1115111 composite?
True
Is 334298 prime?
False
Is 23663 a composite number?
False
Is 18947 a composite number?
False
Is 1244666 composite?
True
Is 406047 composite?
True
Is 579399 prime?
False
Is 231947 prime?
True
Is 372263 a prime number?
True
Is 18041 composite?
False
Is 91433 prime?
True
Is 14371 prime?
False
Is 124513 a composite number?
False
Is 6313 composite?
True
Is 42893 a composite number?
True
Is 37781 prime?
True
Is 10513 a prime number?
True
Is 193801 composite?
True
Is 4143655 prime?
False
Is 154753 a composite number?
False
Is 642619 prime?
False
Is 17257 prime?
True
Is 44351 a composite number?
False
Is 182669 prime?
False
Is 113935 prime?
False
Is 206177 a prime number?
True
Is 121901 composite?
True
Is 65249 composite?
True
Is 8923 composite?
False
Is 20653 composite?
True
Is 3817 prime?
False
Is 196999 composite?
True
Is 13553 composite?
False
Is 41191 composite?
True
Is 113054 composite?
True
Is 6433 composite?
True
Is 140897 a composite number?
False
Is 39197 composite?
True
Is 18973 prime?
True
Is 6737 a composite number?
False
Is 3437 a prime number?
False
Is 2993 a prime number?
False
Is 22843 prime?
False
Is 17601 composite?
True
Is 2777 a composite number?
False
Is 35971 a prime number?
False
Is 147871 prime?
False
Is 1095005 a prime number?
False
Is 19486 prime?
False
Is 104431 a composite number?
True
Is 1377367 a composite number?
True
Is 316898 a composite number?
True
Is 171131 composite?
False
Is 284467 a prime number?
True
Is 885637 prime?
False
Is 2773 a composite number?
True
Is 6087 composite?
True
Is 797 prime?
True
Is 4091 a composite number?
False
Is 9217 a prime number?
False
Is 52213 composite?
True
Is 3089 composite?
False
Is 1316741 a composite number?
False
Is 861761 a composite number?
False
Is 265157 a prime number?
True
Is 118477 a prime number?
False
Is 14387 a composite number?
False
Is 635 a prime number?
False
Is 203513 a prime number?
False
Is 550729 composite?
True
Is 4927 composite?
True
Is 345547 a composite number?
False
Is 400669 prime?
False
Is 8623 prime?
True
Is 5141 a prime number?
False
Is 8621 prime?
False
Is 138389 a prime number?
True
Is 32909 a composite number?
False
Is 89398 a composite number?
True
Is 907334 a composite number?
True
Is 859 composite?
False
Is 237959 a composite number?
False
Is 221614 a composite number?
True
Is 317159 a prime number?
True
Is 4045 a composite number?
True
Is 369353 a composite number?
False
Is 5029 composite?
True
Is 28489 a composite number?
True
Is 37039 a prime number?
True
Is 110737 prime?
False
Is 1207329 prime?
False
Is 7831 prime?
False
Is 231793 a composite number?
True
Is 9133 prime?
True
Is 294917 prime?
False
Is 1151 prime?
True
Is 35381 a composite number?
False
Is 159 prime?
False
Is 46135 a prime number?
False
Is 40243 composite?
True
Is 143709 composite?
True
Is 168227 composite?
False
Is 42323 prime?
True
Is 7831 a composite number?
True
Is 58637 composite?
True
Is 134077 prime?
True
Is 24657 a composite number?
True
Is 157109 composite?
False
Is 1594 a prime number?
False
Is 215153 prime?
True
Is 18922 composite?
True
Is 14591 a composite number?
False
Is 187951 composite?
False
Is 52919 a prime number?
True
Is 45763 a composite number?
False
Is 449543 a composite number?
False
Is 3803 a composite number?
False
Is 16847 a prime number?
False
Is 11467 a prime number?
True
Is 107197 a prime number?
True
Is 54059 prime?
True
Is 686551 a prime number?
True
Is 31847 a composite number?
False
Is 649307 a prime number?
True
Is 115097 a composite number?
True
Is 545567 a prime number?
False
Is 2146731 composite?
True
Is 16961 a prime number?
False
Is 1405 prime?
False
Is 548041 prime?
False
Is 2407 prime?
False
Is 1459 composite?
False
Is 35713 a prime number?
False
Is 991181 a prime number?
True
Is 4699 composite?
True
Is 3203 prime?
True
Is 140521 composite?
False
Is 235579 prime?
False
Is 6187537 composite?
False
Is 17729 composite?
False
Is 9619 a composite number?
False
Is 153191 a composite number?
False
Is 14995 composite?
True
Is 88589 a composite number?
False
Is 94747 composite?
False
Is 380867 composite?
False
Is 38393 composite?
False
Is 2453 prime?
False
Is 12419 a prime number?
False
Is 68995 a prime number?
False
Is 36683 a prime number?
True
Is 8121 a prime number?
False
Is 152093 a prime number?
True
Is 68303 a prime number?
False
Is 81401 composite?
False
Is 177643 a prime number?
False
Is 1597121 a prime number?
False
Is 284927 a prime number?
True
Is 1110803 prime?
True
Is 39971 a prime number?
True
Is 14051 a prime number?
True
Is 733349 prime?
False
Is 5041 prime?
False
Is 884843 prime?
False
Is 16499 prime?
False
Is 95369 a composite number?
False
Is 203 a prime number?
False
Is 9967 a composite number?
False
Is 51007 prime?
False
Is 3787 prime?
False
Is 63827 prime?
False
Is 62099 prime?
True
Is 310949 composite?
False
Is 1646 a prime number?
False
Is 29081 prime?
False
Is 22267 a prime number?
False
Is 52135 prime?
False
Is 42797 a composite number?
False
Is 929531 a composite number?
True
Is 23263 a composite number?
True
Is 83537 a composite number?
False
Is 2221 a prime number?
True
Is 540961 prime?
True
Is 51257 composite?
False
Is 5669 a composite number?
False
Is 9183 a prime number?
False
Is 557 prime?
True
Is 921 a prime number?
False
Is 2212421 composite?
False
Is 1843131 composite?
True
Is 61861 a prime number?
True
Is 12701 a prime number?
False
Is 5349 a composite number?
True
Is 12323 a composite number?
False
Is 6769 a prime number?
False
Is 8849 a prime number?
True
Is 2149 a composite number?
True
Is 14101 composite?
True
Is 256546 prime?
False
Is 1891297 prime?
True
Is 6181 prime?
False
Is 10573 a composite number?
True
Is 14173 a composite number?
False
Is 195441 a composite number?
True
Is 39659 a composite number?
False
Is 23269 a composite number?
False
Is 831919 composite?
True
Is 2957 a composite number?
False
Is 167329 a composite number?
False
Is 24347 a prime number?
False
Is 477851 prime?
False
Is 58043 prime?
True
Is 841691 composite?
False
Is 116593 a composite number?
False
Is 12713 composite?
False
Is 549221 a prime number?
True
Is 414299 a prime number?
False
Is 1741877 a prime number?
True
Is 244073 a composite number?
True
Is 909353 a composite number?
True
Is 67289 a prime number?
True
Is 2183 composite?
True
Is 2209087 a composite number?
True
Is 207883 a composite number?
True
Is 343997 composite?
False
Is 24197 composite?
False
Is 156941 a prime number?
True
Is 301819 prime?
False
Is 5147 prime?
True
Is 10193 a composite number?
False
Is 1089611 a composite number?
False
Is 152135 a prime number?
False
Is 504521 composite?
False
Is 33049 a composite number?
False
Is 443533 prime?
True
Is 426805 composite?
True
Is 14533 a composite number?
False
Is 1403 a composite number?
True
Is 10289 prime?
True
Is 1796167 prime?
True
Is 47757 prime?
False
Is 1259 prime?
True
Is 6467 a prime number?
False
Is 448177 a prime number?
True
Is 2081 composite?
False
Is 17817 a composite number?
True
Is 205 composite?
True
Is 2183351 a composite number?
True
Is 295799 a composite number?
True
Is 1087 a prime number?
True
Is 66449 a prime number?
True
Is 635 prime?
False
Is 14689 a prime number?
False
Is 74318 a prime number?
False
Is 3691 a prime number?
True
Is 190273 composite?
True
Is 843 a composite number?
True
Is 449797 a composite number?
False
Is 30061 composite?
True
Is 6121 prime?
True
Is 9757 composite?
True
Is 2351 a prime number?
True
Is 447509 a prime number?
True
Is 68041 a prime number?
True
Is 11923 composite?
False
Is 105373 a prime number?
True
Is 127315 prime?
False
Is 13829 a prime number?
True
Is 7669 composite?
False
Is 30679 a composite number?
True
Is 60029 a prime number?
True
Is 13309 composite?
False
Is 28493 a prime number?
True
Is 64594 a prime number?
Fals